13?
-5bab5
In base 2, what is 11001100110 + -110111011010101?
-110100001101111
In base 10, what is 52 - -932465?
932517
In base 13, what is -2 + -37830?
-37832
In base 12, what is -493 + 540a70?
540599
In base 7, what is 445331 + 61344?
540005
In base 8, what is -231214 - -111?
-231103
In base 16, what is -45 + -1bfa89d?
-1bfa8e2
In base 14, what is -505 - 81ca0?
-823a5
In base 3, what is 10 + 11021102222112102?
11021102222112112
In base 9, what is -10 + 1605721?
1605711
In base 12, what is -190 + -25131b?
-2514ab
In base 9, what is -24211084 + -2?
-24211086
In base 7, what is 41451266 - 5?
41451261
In base 15, what is 4b7b7 - 3d6?
4b3d1
In base 11, what is -4677 + 1a188?
15611
In base 5, what is -13 + -12244323222?
-12244323240
In base 13, what is -c35682 - -2?
-c35680
In base 4, what is -10110230 + -11310?
-10122200
In base 7, what is -2513 + -15635350?
-15641163
In base 14, what is 3 - -4785952?
4785955
In base 5, what is -331301300 + 2?
-331301243
In base 9, what is 77361527 + -5?
77361522
In base 9, what is -2317383 + -3?
-2317386
In base 3, what is -20112 + 22111111200?
22111021011
In base 2, what is -10100101111000100011100 - 1010?
-10100101111000100100110
In base 10, what is -2 + 2136746?
2136744
In base 16, what is a + ca773?
ca77d
In base 6, what is -1540 - 303001?
-304541
In base 13, what is -2076 - 1ab3?
-3b59
In base 6, what is 5 + -4201130223?
-4201130214
In base 9, what is -3683 - -602?
-3081
In base 7, what is -1 + 1200220153?
1200220152
In base 6, what is 350314 + -5541?
340333
In base 11, what is -201 + -149a2?
-150a3
In base 8, what is 5 - -254155?
254162
In base 5, what is 2314 - 132320?
-130001
In base 11, what is 1711 + 29357?
2aa68
In base 3, what is 20 - 2122001220211002?
-2122001220210212
In base 7, what is -1221062 - 16046?
-1240141
In base 7, what is -45 - -24340455?
24340410
In base 6, what is -2333 - -342441?
340104
In base 4, what is 10 - -13000323222?
13000323232
In base 11, what is 4a809 + -1a?
4a79a
In base 6, what is -140555 + -3255?
-144254
In base 12, what is -315596 + -3?
-315599
In base 3, what is 10011101102101 + 1020?
10011101110121
In base 15, what is 382 + -5000?
-4b6d
In base 13, what is -3 - 40036cc?
-4003702
In base 6, what is 320310552 + 3?
320310555
In base 4, what is 12 + -13212012000?
-13212011322
In base 10, what is 75081783 - 5?
75081778
In base 6, what is -5210555 + 22?
-5210533
In base 13, what is 8221 + -50b8?
3136
In base 8, what is -11 - -12733616?
12733605
In base 12, what is 400513 - -5?
400518
In base 7, what is -256 + 122064611?
122064322
In base 5, what is 4300 + -14414130?
-14404330
In base 5, what is -11210103213 - -10?
-11210103203
In base 8, what is -4101 - 147324?
-153425
In base 13, what is 5 + -1b7a1?
-1b799
In base 12, what is -11569 - 656?
-12003
In base 15, what is 1 - -ac0c0b?
ac0c0c
In base 7, what is -2 - 1560333253?
-1560333255
In base 5, what is 12112001 - -21?
12112022
In base 9, what is 2046 + -10571?
-7524
In base 8, what is 1202700 - 1547?
1201131
In base 9, what is 4 + -2837848?
-2837844
In base 4, what is 23333 - 10310332?
-10220333
In base 7, what is 325441201 + -5?
325441163
In base 16, what is -4 + 1621f2?
1621ee
In base 14, what is -3 - 524a31b?
-524a320
In base 16, what is 17 + 54cc53?
54cc6a
In base 14, what is -28a6 - -6706?
3c40
In base 7, what is 16332 + 2403?
22035
In base 16, what is -8e + 53504?
53476
In base 5, what is 4 + -100222201?
-100222142
In base 9, what is 1613 - 728183?
-726470
In base 12, what is 144482 - -1b?
1444a1
In base 3, what is 2102 + 10002121011001?
10002121020110
In base 3, what is -110121 - -1210112022?
1210001201
In base 15, what is 1ab + -14da42?
-14d886
In base 3, what is 2101000011001110 + 10?
2101000011001120
In base 10, what is -3336427 - -6?
-3336421
In base 12, what is -44337a2 - -43?
-443375b
In base 7, what is -166020 + -10564?
-206614
In base 3, what is 2120 - 1110022111?
-1110012221
In base 13, what is -1a998 - -a?
-1a98b
In base 14, what is -4a4b94 - -1a?
-4a4b78
In base 13, what is 1 - -32a57c3?
32a57c4
In base 15, what is 793 + 1a0?
943
In base 14, what is -1a7 + -114303?
-1144aa
In base 10, what is 916 - 61372?
-60456
In base 15, what is 7dc86 - -10?
7dc96
In base 6, what is 154 - 11111534?
-11111340
In base 4, what is 312203 + 333021?
1311230
In base 7, what is 52331 + -3020?
46311
In base 7, what is 1156520 - -432?
1160252
In base 12, what is -3a2765b + 0?
-3a2765b
In base 14, what is -4 - -18d0c4?
18d0c0
In base 6, what is 532 - 4021431?
-4020455
In base 10, what is 5715183 - 5?
5715178
In base 12, what is 5831 + 1487?
70b8
In base 2, what is 1101 - 101001011010100011000?
-101001011010100001011
In base 4, what is -2313020012 - -1120?
-2313012232
In base 9, what is -105230 - -4824?
-100305
In base 14, what is -1 + -2020525?
-2020526
In base 14, what is -365ba8 + -49?
-365c13
In base 15, what is -128b + 119?
-1172
In base 13, what is 14a + -1332?
-11b5
In base 12, what is 5 + 29947567?
29947570
In base 9, what is 3 + -484437627?
-484437624
In base 4, what is -110102 + 213010120?
212300012
In base 12, what is -1 + 1383820a?
13838209
In base 9, what is 22 - -421243?
421265
In base 16, what is 3 + 1f06d3?
1f06d6
In base 2, what is 1010100101000 - 10000000110?
1000100100010
In base 11, what is -10 - 710305?
-710315
In base 9, what is -152 - 157256?
-157418
In base 4, what is 3213110 + -2000211?
1212233
In base 15, what is -5 + -6e6aeca?
-6e6aed0
In base 12, what is 0 - -21a0662?
21a0662
In base 3, what is -102 - 2110021210202211?
-2110021210210020
In base 15, what is 2 - 3453db4?
-3453db2
In base 7, what is -260510 + 4304?
-253203
In base 16, what is dfd8 - 6de?
d8fa
In base 10, what is -1 + -3541087?
-3541088
In base 16, what is 69 + -1f1e0?
-1f177
In base 9, what is 26 - -55013?
55040
In base 4, what is -120230 - -2230220?
2103330
In base 12, what is -310a74 + -47b?
-311333
In base 3, what is -1212101122 - -20201?
-1212010221
In base 2, what is -1 - 1001010010000010000101101?
-1001010010000010000101110
In base 9, what is 23820320 + 14?
23820334
In base 6, what is 15 + -10252511?
-10252452
In base 5, what is -240443 - 1300301?
-2041244
In base 14, what is -274 - 1307b?
-13311
In base 9, what is -10 + -1373832?
-1373842
In base 6, what is -10 + 1242413011?
1242413001
In base 8, what is 5 - -35022735?
35022742
In base 16, what is -15 + 26c63?
26c4e
In base 11, what is 40 + 101a31?
101a71
In base 3, what is -10002 + 10112110020?
10112100011
In base 4, what is 2132020102 - 112?
2132013330
In base 4, what is -102 - 3303020330?
-3303021032
In base 13, what is -24 + 195030?
195009
In base 8, what is -715750 + -1105?
-717055
In base 4, what is -330 + 1031331333?
1031331003
In base 5, what is -11 - -224202212424?
224202212413
In base 7, what is 330032 - -12466?
342531
In base 4, what is -222 + 33100130010?
33100123122
In base 6, what is -1132054042 - 23?
-1132054105
In base 5, what is 410 + 2222130?
2223040
In base 10, what is -27 - 82023?
-82050
In base 10, what is 4 + 2057386?
2057390
In base 15, what is -c87 - 25ba?
-3352
In base 12, what is -a7 + -1870725?
-1870810
In base 10, what is -9 - 177217?
-177226
In base 2, what is -10010100000100011100 - -100?
-10010100000100011000
In base 13, what is 2 + b9327?
b9329
In base 4, what is 13 - 11301111210?
-11301111131
In base 6, what is -1000 - -1531111?
1530111
In base 14, what is 2b35825 + -6?
2b3581d
In base 5, what is 24 + -222112431?
-222112402
In base 7, what is 55 + -4406555?
-4406500
In base 10, what is -240638 - -48?
-240590
In base 15, what is c + 67ab1?
67abd
In base 13, what is 32 - -1706286?
17062b8
In base 7, what is 236521 - -632?
240453
In base 7, what is -533461302 - -36?
-533461233
In base 9, what is -222257 + 801?
-221356
In base 10, what is 2 - 880285?
-880283
In base 14, what is -2378c08 - -5?
-2378c03
In base 16, what is 4 - 10b19a78?
-10b19a74
In base 5, what is 113 + 101110332?
101111000
In base 10, what is 3 - 181440476?
-181440473
In base 4, what is -12 - 31120313200?
-31120313212
In base 14, what is -3db77 + 4?
-3db73
In base 15, what is 341 - 11e7?
-da6
In base 12, what is 28214 + -128?
280a8
In base 14, what is 2 - -15cb894?
15cb896
In base 3, what is -21 - -10221220100202212?
10221220100202121
In base 13, what is -9 + -c53138?
-c53144
In base 4